 of 2258343041?
2258343041
List the prime factors of 1900873692.
2, 3, 97, 683, 797
What are the prime factors of 33313835?
5, 47, 141761
List the prime factors of 9585044.
2, 7, 19, 43, 419
List the prime factors of 7525385526.
2, 3, 37, 33898133
What are the prime factors of 1346353817?
37, 36387941
List the prime factors of 5608478242.
2, 127, 22080623
What are the prime factors of 120278896?
2, 7517431
List the prime factors of 1281782546.
2, 11, 593, 98251
List the prime factors of 155280290.
2, 5, 11, 271, 5209
What are the prime factors of 353888696?
2, 7, 6319441
List the prime factors of 193112262.
2, 3, 7, 170293
What are the prime factors of 46004365?
5, 11, 59, 14177
List the prime factors of 1151498318.
2, 211, 2728669
List the prime factors of 940847627.
2707, 347561
What are the prime factors of 1223931602?
2, 29, 21102269
What are the prime factors of 649267290?
2, 3, 5, 7, 1030583
List the prime factors of 261986391.
3, 2003, 14533
List the prime factors of 79793177.
331, 241067
What are the prime factors of 410136804?
2, 3, 7, 11, 149, 331
List the prime factors of 709475751.
3, 19, 97, 42773
What are the prime factors of 421507022?
2, 277, 760843
List the prime factors of 151210193.
151210193
What are the prime factors of 158319596?
2, 37, 1069727
What are the prime factors of 5021495253?
3, 557943917
What are the prime factors of 1419127?
59, 67, 359
List the prime factors of 17681999.
691, 25589
What are the prime factors of 14237007?
3, 17, 16421
What are the prime factors of 5542561?
17, 79, 4127
What are the prime factors of 3158854?
2, 29, 107, 509
What are the prime factors of 19841255?
5, 7, 179, 3167
List the prime factors of 129335577.
3, 7, 151, 40787
List the prime factors of 1210657818.
2, 3, 31, 113, 57601
What are the prime factors of 1387819657?
7, 1049, 188999
What are the prime factors of 21067975?
5, 281, 2999
What are the prime factors of 524450413?
29, 18084497
List the prime factors of 6577813559.
36529, 180071
List the prime factors of 196537068.
2, 3, 7, 13, 17, 3529
What are the prime factors of 6464695836?
2, 3, 23, 401, 58411
What are the prime factors of 1410232?
2, 409, 431
What are the prime factors of 2329042240?
2, 5, 7, 109, 9539
List the prime factors of 1656001441.
25121, 65921
What are the prime factors of 116299000?
2, 5, 19, 6121
What are the prime factors of 177653069?
11, 16150279
What are the prime factors of 42877197?
3, 11, 39373
What are the prime factors of 153311689?
103, 191, 7793
What are the prime factors of 731971690?
2, 5, 31, 2361199
What are the prime factors of 99359535?
3, 5, 11, 602179
What are the prime factors of 461541173?
761, 606493
List the prime factors of 716857836.
2, 3, 17, 23, 152783
List the prime factors of 93722151.
3, 193, 161869
What are the prime factors of 32431312?
2, 2026957
List the prime factors of 1490670949.
1490670949
List the prime factors of 994013007.
3, 13, 503, 50671
What are the prime factors of 48552919?
3433, 14143
What are the prime factors of 7422460?
2, 5, 131, 2833
What are the prime factors of 446577418?
2, 7, 31898387
What are the prime factors of 960091327?
13, 89, 829811
List the prime factors of 262369198.
2, 7, 13, 1441589
What are the prime factors of 19705752?
2, 3, 11, 139, 179
List the prime factors of 341853155.
5, 7, 1395319
List the prime factors of 902405081.
902405081
What are the prime factors of 93406825?
5, 29, 128837
List the prime factors of 285515288.
2, 35689411
What are the prime factors of 825712773?
3, 19, 421, 1811
What are the prime factors of 80457719?
17, 61, 77587
What are the prime factors of 949650775?
5, 307, 123733
What are the prime factors of 27634955?
5, 137, 40343
List the prime factors of 306284710.
2, 5, 30628471
List the prime factors of 2742947266.
2, 53, 193, 134077
List the prime factors of 175106312.
2, 491, 44579
What are the prime factors of 42095286?
2, 3, 2338627
What are the prime factors of 34709489?
2207, 15727
List the prime factors of 158546599.
317, 443, 1129
What are the prime factors of 1579066906?
2, 191, 647, 6389
What are the prime factors of 11826638?
2, 5913319
List the prime factors of 34858713.
3, 11619571
What are the prime factors of 706229080?
2, 5, 1039, 16993
What are the prime factors of 1692038356?
2, 17, 53, 27617
What are the prime factors of 30021912?
2, 3, 43, 9697
List the prime factors of 301093561.
301093561
What are the prime factors of 544049501?
163, 941, 3547
List the prime factors of 862913982.
2, 3, 7, 17, 83, 14561
What are the prime factors of 150197508?
2, 3, 19, 219587
List the prime factors of 210223462.
2, 17, 31, 199453
What are the prime factors of 817105458?
2, 3, 13, 10475711
List the prime factors of 2193620231.
11, 2531, 78791
What are the prime factors of 33860092?
2, 7, 43, 28123
What are the prime factors of 28839092?
2, 61, 181, 653
What are the prime factors of 73259990?
2, 5, 109, 67211
What are the prime factors of 38095316?
2, 7, 137, 9931
List the prime factors of 174375753.
3, 29, 269, 7451
List the prime factors of 891961811.
13, 68612447
What are the prime factors of 6670897795?
5, 37, 36058907
List the prime factors of 2236582532.
2, 2203, 253811
What are the prime factors of 232355371?
17, 13667963
List the prime factors of 3755789999.
13, 929, 310987
What are the prime factors of 338459876?
2, 84614969
List the prime factors of 2314610951.
19, 2287, 53267
List the prime factors of 265112376.
2, 3, 11046349
What are the prime factors of 233809228?
2, 17, 389, 8839
List the prime factors of 191400494.
2, 269, 355763
What are the prime factors of 186122616?
2, 3, 41, 189149
List the prime factors of 1583045328.
2, 3, 32980111
What are the prime factors of 86541528?
2, 3, 3605897
List the prime factors of 49837167.
3, 29, 63649
List the prime factors of 53011563.
3, 11, 991, 1621
List the prime factors of 3940146785.
5, 788029357
What are the prime factors of 2611768562?
2, 13, 389, 258233
What are the prime factors of 209444460?
2, 3, 5, 661, 5281
List the prime factors of 614088.
2, 3, 2843
List the prime factors of 4731097983.
3, 19, 107, 163, 4759
What are the prime factors of 106402434?
2, 3, 1567, 11317
List the prime factors of 302741325.
3, 5, 593, 2269
List the prime factors of 1561593526.
2, 4703, 166021
What are the prime factors of 1793888610?
2, 3, 5, 19, 61, 51593
What are the prime factors of 1623236?
2, 263, 1543
List the prime factors of 185574362.
2, 92787181
What are the prime factors of 547903756?
2, 67, 569, 3593
What are the prime factors of 1128459971?
23, 101, 485777
What are the prime factors of 730820272?
2, 7, 13, 107, 4691
List the prime factors of 80074859.
59, 1357201
List the prime factors of 371893061.
19, 19573319
List the prime factors of 4694941.
17, 276173
What are the prime factors of 4060795546?
2, 367, 571, 9689
List the prime factors of 10058945.
5, 13, 154753
What are the prime factors of 1415927805?
3, 5, 94395187
What are the prime factors of 1238695124?
2, 309673781
List the prime factors of 6753293561.
7, 964756223
List the prime factors of 532962451.
7, 1657, 45949
What are the prime factors of 697089409?
2309, 301901
What are the prime factors of 612395198?
2, 293, 1045043
What are the prime factors of 1723304?
2, 11, 19583
List the prime factors of 43181994.
2, 3, 23, 211, 1483
What are the prime factors of 287594189?
29, 617, 16073
List the prime factors of 6204630838.
2, 7, 443187917
List the prime factors of 2792123078.
2, 17, 47, 97, 18013
List the prime factors of 23552057.
23552057
List the prime factors of 228487106.
2, 17, 23, 292183
List the prime factors of 9465909.
3, 3155303
What are the prime factors of 256657775?
5, 11, 933301
What are the prime factors of 47098122?
2, 3, 179, 43853
What are the prime factors of 18444815?
5, 3688963
List the prime factors of 50372643.
3, 1583, 10607
List the prime factors of 745498362.
2, 3, 7, 1019, 17419
What are the prime factors of 1126953985?
5, 59, 227, 16829
List the prime factors of 241408130.
2, 5, 743, 32491
List the prime factors of 31557570.
2, 3, 5, 11, 95629
List the prime factors of 581607429.
3, 13, 14913011
List the prime factors of 244618946.
2, 11, 13, 855311
List the prime factors of 69497775.
3, 5, 29, 10651
